te number?
True
Is 58847 a prime number?
False
Is 7858 prime?
False
Is 2227 a prime number?
False
Is 816434 a composite number?
True
Is 171401 a prime number?
True
Is 2609 prime?
True
Is 254 prime?
False
Is 862769 composite?
False
Is 189629 a composite number?
True
Is 12323 a prime number?
True
Is 42733 a composite number?
True
Is 16183 a prime number?
True
Is 96463 prime?
False
Is 418757 a prime number?
False
Is 194647 a prime number?
True
Is 7817 a composite number?
False
Is 44983 prime?
True
Is 2317 a prime number?
False
Is 781087 a composite number?
False
Is 52243 prime?
False
Is 140323 a composite number?
True
Is 7817 prime?
True
Is 132017 a prime number?
False
Is 175891 prime?
True
Is 53819 composite?
False
Is 3157027 a prime number?
False
Is 17249 composite?
True
Is 944779 prime?
False
Is 103577 composite?
False
Is 9577 a composite number?
True
Is 211 prime?
True
Is 373019 prime?
True
Is 4227 a prime number?
False
Is 10063 a composite number?
True
Is 964583 prime?
True
Is 690541 a composite number?
False
Is 2179 a composite number?
False
Is 2819 a composite number?
False
Is 35345 prime?
False
Is 3353 a composite number?
True
Is 22613 composite?
False
Is 187861 a prime number?
True
Is 31751 composite?
False
Is 54151 composite?
False
Is 46723 a composite number?
False
Is 5603 composite?
True
Is 3371 prime?
True
Is 13777 prime?
False
Is 965749 prime?
True
Is 1693 prime?
True
Is 415 prime?
False
Is 3793 composite?
False
Is 94141 a composite number?
True
Is 29195 composite?
True
Is 1901 a composite number?
False
Is 14431 prime?
True
Is 465259 composite?
False
Is 47191 prime?
False
Is 11249 a composite number?
True
Is 8849 a composite number?
False
Is 112267 prime?
False
Is 156227 composite?
False
Is 1339147 a prime number?
True
Is 7187 a composite number?
False
Is 91781 a prime number?
True
Is 1139 a composite number?
True
Is 7039 a composite number?
False
Is 16753 prime?
False
Is 3377 a composite number?
True
Is 575009 a prime number?
True
Is 156071 prime?
True
Is 3223 a composite number?
True
Is 4903 prime?
True
Is 311533 a composite number?
False
Is 25211 composite?
True
Is 43327 a composite number?
True
Is 8353 prime?
True
Is 20693 prime?
True
Is 123887 prime?
True
Is 305069 a composite number?
False
Is 155263 a prime number?
False
Is 1151 prime?
True
Is 919293 prime?
False
Is 4666 a composite number?
True
Is 59183 composite?
False
Is 37801 a composite number?
True
Is 2515 a composite number?
True
Is 660719 a composite number?
False
Is 998287 a prime number?
True
Is 402557 prime?
False
Is 348949 composite?
False
Is 61751 composite?
False
Is 54647 a prime number?
True
Is 18355 a prime number?
False
Is 929831 composite?
True
Is 33133 a prime number?
False
Is 41086 prime?
False
Is 505757 a composite number?
True
Is 120641 a prime number?
True
Is 4553 composite?
True
Is 2921 a composite number?
True
Is 272969 prime?
False
Is 171007 composite?
False
Is 7033 composite?
True
Is 52747 a composite number?
False
Is 377911 composite?
False
Is 172283 prime?
True
Is 251 prime?
True
Is 2119 a composite number?
True
Is 1576213 a prime number?
False
Is 1259653 a composite number?
False
Is 153635 a composite number?
True
Is 575059 a prime number?
False
Is 81163 a composite number?
False
Is 131177 prime?
False
Is 211403 prime?
True
Is 9793 a composite number?
True
Is 48163 a prime number?
True
Is 13291 a composite number?
False
Is 59905 a prime number?
False
Is 18671 prime?
True
Is 2497 composite?
True
Is 53007 prime?
False
Is 1906 a prime number?
False
Is 1423615 a prime number?
False
Is 51031 composite?
False
Is 5941 prime?
False
Is 944315 composite?
True
Is 13217 composite?
False
Is 15641 a composite number?
False
Is 5497 a composite number?
True
Is 521 prime?
True
Is 16199 composite?
True
Is 113857 prime?
False
Is 117203 a composite number?
False
Is 4883 prime?
False
Is 26687 composite?
False
Is 2033474 a composite number?
True
Is 595451 a composite number?
False
Is 6449 composite?
False
Is 24437 a prime number?
False
Is 2101 prime?
False
Is 754574 a composite number?
True
Is 1363 composite?
True
Is 22181 a composite number?
True
Is 8947 composite?
True
Is 215557 composite?
True
Is 52489 a prime number?
True
Is 74123 a composite number?
True
Is 8049 prime?
False
Is 7061 composite?
True
Is 12343 prime?
True
Is 22641 prime?
False
Is 2719 a composite number?
False
Is 10954 a composite number?
True
Is 22109 a prime number?
True
Is 241807 a composite number?
False
Is 317363 prime?
True
Is 574477 a composite number?
False
Is 27385 prime?
False
Is 34123 prime?
True
Is 1514437 a composite number?
False
Is 19661 a composite number?
False
Is 45007 prime?
True
Is 33262 a composite number?
True
Is 111158 composite?
True
Is 1241549 a composite number?
False
Is 1129067 composite?
True
Is 158959 a prime number?
True
Is 2168183 a prime number?
True
Is 7121 prime?
True
Is 11303 composite?
True
Is 124001 a composite number?
False
Is 787813 a composite number?
True
Is 48491 a composite number?
False
Is 8545 a prime number?
False
Is 491417 composite?
False
Is 8191 prime?
True
Is 55973 composite?
True
Is 139667 a composite number?
True
Is 1585 a composite number?
True
Is 69815 a prime number?
False
Is 2767 a prime number?
True
Is 64123 a composite number?
False
Is 686759 a prime number?
False
Is 352167 a prime number?
False
Is 689233 a composite number?
False
Is 4201 a composite number?
False
Is 10811 a prime number?
False
Is 5897 a prime number?
True
Is 9587 composite?
False
Is 184565 a composite number?
True
Is 26903 prime?
True
Is 848993 a composite number?
False
Is 18187 composite?
True
Is 75853 prime?
True
Is 64997 a composite number?
False
Is 8691 prime?
False
Is 32183 a prime number?
True
Is 31769 a composite number?
False
Is 761815 a prime number?
False
Is 12889 a composite number?
False
Is 3221 a composite number?
False
Is 697351 prime?
True
Is 15053 a composite number?
False
Is 33911 a composite number?
False
Is 522239 a prime number?
True
Is 1318559 prime?
False
Is 24359 a prime number?
True
Is 10547 a prime number?
False
Is 1049 composite?
False
Is 33377 composite?
False
Is 147403 prime?
False
Is 27011 composite?
False
Is 55021 a composite number?
False
Is 69593 composite?
False
Is 61423 prime?
False
Is 362629 prime?
True
Is 44867 prime?
True
Is 123343 prime?
False
Is 209215 a prime number?
False
Is 3527 a composite number?
False
Is 6389 a prime number?
True
Is 85431 a prime number?
False
Is 511835 composite?
True
Is 34557 a composite number?
True
Is 2435 composite?
True
Is 20833 a prime number?
False
Is 6259 a prime number?
False
Is 8461 prime?
True
Is 9589 a composite number?
True
Is 45931 a prime number?
False
Is 89977 a composite number?
False
Is 7409 a composite number?
True
Is 104771 a prime number?
False
Is 16715 a composite number?
True
Is 139067 prime?
True
Is 194749 a prime number?
True
Is 125547 a composite number?
True
Is 80299 a prime number?
False
Is 213833 a composite number?
False
Is 37189 a composite number?
False
Is 27053 prime?
False
Is 581197 composite?
False
Is 118149 prime?
False
Is 32603 composite?
False
Is 14509 prime?
False
Is 7793 a prime number?
True
Is 18269 prime?
True
Is 207745 composite?
True
Is 329617 a composite number?
False
Is 10687 a prime number?
True
Is 295471 a composite number?
True
Is 165437 a prime number?
True
Is 189307 composite?
False
Is 162473 composite?
False
Is 19259 a composite number?
False
Is 8353 composite?
False
Is 700057 composite?
False
Is 35051 a composite number?
False
Is 70046 a composite number?
True
Is 471287 prime?
False
Is 83459 a prime number?
True
Is 4109 composite?
True
Is 741227 a prime number?
True
Is 6187 a composite number?
True
Is 20993 composite?
True
Is 127637 prime?
True
Is 60355 a prime number?
False
Is 647477 composite?
False
Is 4547 a composite number?
False
Is 143093 a prime number?
True
Is 27527 a composite number?
False
Is 144277 prime?
False
Is 1176631 a prime number?
True
Is 521 prime?
True
Is 1266677 prime?
True
Is 1449229 composite?
True
Is 61867 composite?
True
Is 500713 a composite number?
False
Is 1304167 composite?
False
Is 55579 composite?
False
Is 433451 a prime number?
False
Is 98029 composite?
True
Is 7392049 composite?
True
Is 9587 composite?
False
Is 678723 prime?